{"id":443,"date":"2024-04-18T16:29:29","date_gmt":"2024-04-18T16:29:29","guid":{"rendered":"https:\/\/akaflieg-tuebingen.de\/?page_id=443"},"modified":"2024-04-18T17:05:29","modified_gmt":"2024-04-18T17:05:29","slug":"mitfliegen","status":"publish","type":"page","link":"https:\/\/akaflieg-tuebingen.de\/index.php\/mitfliegen\/","title":{"rendered":"Mitfliegen"},"content":{"rendered":"\n<p>Noch nicht sicher, ob Fliegen das Richtige ist, oder einfach Lust mal die Welt von oben zu erleben?<\/p>\n\n\n\n<p>Schnupperfl\u00fcge mit dem Segelflugzeug sind jedes Wochenende bei Flugbetrieb m\u00f6glich, Rundfl\u00fcge mit dem Ultraleicht immer bei entsprechendem Wetter. <\/p>\n\n\n\n<h2> Segelflug<\/h2>\n\n\n\n<div class=\"is-layout-flex wp-container-3 wp-block-columns\">\n<div class=\"is-layout-flow wp-block-column\">\n<p>Im Segelflugzeug die Fliegerei in reinster Form erleben und das ganz ohne Motor, ein unvergleichliches Erlebnis. Flugdauer und Route sind wetterabh\u00e4ngig.<\/p>\n<\/div>\n\n\n\n<div class=\"is-layout-flow wp-block-column\">\n<figure class=\"wp-block-image size-large is-resized\"><img decoding=\"async\" loading=\"lazy\" src=\"https:\/\/akaflieg-tuebingen.de\/wp-content\/uploads\/2024\/04\/DSCF4919-1024x683.jpeg\" alt=\"\" class=\"wp-image-467\" width=\"401\" height=\"267\" srcset=\"https:\/\/akaflieg-tuebingen.de\/wp-content\/uploads\/2024\/04\/DSCF4919-1024x683.jpeg 1024w, https:\/\/akaflieg-tuebingen.de\/wp-content\/uploads\/2024\/04\/DSCF4919-300x200.jpeg 300w, https:\/\/akaflieg-tuebingen.de\/wp-content\/uploads\/2024\/04\/DSCF4919-768x512.jpeg 768w, https:\/\/akaflieg-tuebingen.de\/wp-content\/uploads\/2024\/04\/DSCF4919-1536x1024.jpeg 1536w, https:\/\/akaflieg-tuebingen.de\/wp-content\/uploads\/2024\/04\/DSCF4919-2048x1365.jpeg 2048w, https:\/\/akaflieg-tuebingen.de\/wp-content\/uploads\/2024\/04\/DSCF4919-1140x760.jpeg 1140w\" sizes=\"(max-width: 401px) 100vw, 401px\" \/><\/figure>\n<\/div>\n<\/div>\n\n\n\n<h2>Motorflug<\/h2>\n\n\n\n<div class=\"is-layout-flex wp-container-7 wp-block-columns\">\n<div class=\"is-layout-flow wp-block-column\">\n<p>Unser Ultraleichtflugzeug bietet die M\u00f6glichkeit, unabh\u00e4ngig von thermischen Bedingungen und Bodenpersonal die Landschaft von oben zu genie\u00dfen. Insbesondere in den Morgen- und Abendstunden zeigen sich oft atemberaubende Szenen.<\/p>\n\n\n\n<p>Die schw\u00e4bische Alb hat viele Sehensw\u00fcrdigkeiten, die aus der Vogelperspektive besonders reizvoll sind.  Beliebte Ziele sind beispielsweise die Hohenzollernburg (ca. 30 Minuten) oder das Donautal (ca. 45 Minuten), aber auch Fl\u00fcge bis in die Alpen sind m\u00f6glich.<\/p>\n\n\n\n<p><\/p>\n\n\n\n<div style=\"height:100px\" aria-hidden=\"true\" class=\"wp-block-spacer\"><\/div>\n\n\n\n<p>Sie wollen einen Rundflug vereinbaren? Schreiben sie uns einfach eine E-Mail oder eine Nachricht auf Instagram.<\/p>\n\n\n\n<div class=\"is-layout-flex wp-block-buttons\">\n<div class=\"wp-block-button\"><a class=\"wp-block-button__link wp-element-button\" href=\"mailto:Schnupperfliegen@akaflieg-tuebingen.de\">Email<\/a><\/div>\n\n\n\n<div class=\"wp-block-button\"><a class=\"wp-block-button__link wp-element-button\" href=\"http:\/\/instagram.com\/akafliegtuebingen?igshid=YmMyMTA2M2Y=\">Instagram<\/a><\/div>\n<\/div>\n<\/div>\n\n\n\n<div class=\"is-layout-flow wp-block-column\">\n<figure class=\"wp-block-image size-large is-resized\"><img decoding=\"async\" loading=\"lazy\" src=\"https:\/\/akaflieg-tuebingen.de\/wp-content\/uploads\/2024\/04\/24-01-12-16-31-56-3959-1024x768.jpeg\" alt=\"\" class=\"wp-image-473\" width=\"402\" height=\"300\"\/><figcaption class=\"wp-element-caption\">Hohenzollernburg <\/figcaption><\/figure>\n\n\n\n<figure class=\"wp-block-image size-large is-resized\"><img decoding=\"async\" loading=\"lazy\" src=\"https:\/\/akaflieg-tuebingen.de\/wp-content\/uploads\/2024\/04\/IMG_2060-1024x683.jpeg\" alt=\"\" class=\"wp-image-474\" width=\"403\" height=\"268\" srcset=\"https:\/\/akaflieg-tuebingen.de\/wp-content\/uploads\/2024\/04\/IMG_2060-1024x683.jpeg 1024w, https:\/\/akaflieg-tuebingen.de\/wp-content\/uploads\/2024\/04\/IMG_2060-300x200.jpeg 300w, https:\/\/akaflieg-tuebingen.de\/wp-content\/uploads\/2024\/04\/IMG_2060-768x512.jpeg 768w, https:\/\/akaflieg-tuebingen.de\/wp-content\/uploads\/2024\/04\/IMG_2060-1536x1024.jpeg 1536w, https:\/\/akaflieg-tuebingen.de\/wp-content\/uploads\/2024\/04\/IMG_2060-2048x1365.jpeg 2048w, https:\/\/akaflieg-tuebingen.de\/wp-content\/uploads\/2024\/04\/IMG_2060-1140x760.jpeg 1140w\" sizes=\"(max-width: 403px) 100vw, 403px\" \/><figcaption class=\"wp-element-caption\">Reutlinger Achalm<\/figcaption><\/figure>\n<\/div>\n<\/div>\n\n\n","protected":false},"excerpt":{"rendered":"<p>Noch nicht sicher, ob Fliegen das Richtige ist, oder einfach Lust mal die Welt von oben zu erleben? Schnupperfl\u00fcge mit dem Segelflugzeug sind jedes Wochenende bei Flugbetrieb m\u00f6glich, Rundfl\u00fcge mit dem Ultraleicht immer bei entsprechendem Wetter. Segelflug Im Segelflugzeug die Fliegerei in reinster Form erleben und das ganz ohne Motor, ein unvergleichliches Erlebnis. Flugdauer und Route sind wetterabh\u00e4ngig. Motorflug Unser Ultraleichtflugzeug bietet die M\u00f6glichkeit, unabh\u00e4ngig von thermischen Bedingungen und Bodenpersonal die Landschaft von oben zu genie\u00dfen. Insbesondere in den Morgen- und Abendstunden zeigen sich oft atemberaubende Szenen. Die schw\u00e4bische Alb hat viele Sehensw\u00fcrdigkeiten, die aus der Vogelperspektive besonders reizvoll sind. Beliebte Ziele sind beispielsweise die Hohenzollernburg (ca. 30 Minuten) oder das Donautal (ca. 45 Minuten), aber auch Fl\u00fcge bis in die Alpen sind m\u00f6glich. Sie wollen einen Rundflug vereinbaren? Schreiben sie uns einfach eine E-Mail oder eine Nachricht auf Instagram.<\/p>\n","protected":false},"author":5,"featured_media":0,"parent":0,"menu_order":0,"comment_status":"closed","ping_status":"closed","template":"","meta":[],"acf":[],"_links":{"self":[{"href":"https:\/\/akaflieg-tuebingen.de\/index.php\/wp-json\/wp\/v2\/pages\/443"}],"collection":[{"href":"https:\/\/akaflieg-tuebingen.de\/index.php\/wp-json\/wp\/v2\/pages"}],"about":[{"href":"https:\/\/akaflieg-tuebingen.de\/index.php\/wp-json\/wp\/v2\/types\/page"}],"author":[{"embeddable":true,"href":"https:\/\/akaflieg-tuebingen.de\/index.php\/wp-json\/wp\/v2\/users\/5"}],"replies":[{"embeddable":true,"href":"https:\/\/akaflieg-tuebingen.de\/index.php\/wp-json\/wp\/v2\/comments?post=443"}],"version-history":[{"count":11,"href":"https:\/\/akaflieg-tuebingen.de\/index.php\/wp-json\/wp\/v2\/pages\/443\/revisions"}],"predecessor-version":[{"id":487,"href":"https:\/\/akaflieg-tuebingen.de\/index.php\/wp-json\/wp\/v2\/pages\/443\/revisions\/487"}],"wp:attachment":[{"href":"https:\/\/akaflieg-tuebingen.de\/index.php\/wp-json\/wp\/v2\/media?parent=443"}],"curies":[{"name":"wp","href":"https:\/\/api.w.org\/{rel}","templated":true}]}}