{"id":353,"date":"2022-09-14T20:08:29","date_gmt":"2022-09-14T20:08:29","guid":{"rendered":"https:\/\/campus-tuebingen.de\/?page_id=353"},"modified":"2022-10-20T10:34:39","modified_gmt":"2022-10-20T10:34:39","slug":"kontakt","status":"publish","type":"page","link":"https:\/\/akaflieg-tuebingen.de\/index.php\/kontakt\/","title":{"rendered":"Kontakt"},"content":{"rendered":"\n<div class=\"is-layout-flex wp-container-4 wp-block-columns\">\n<div class=\"is-layout-flow wp-block-column\">\n<p class=\"has-medium-font-size\">Akademische Fliegergruppe an der Universit\u00e4t T\u00fcbingen e.V.<br>Am Weilersbach, 72070 T\u00fcbingen<br><br>Vereinsregisternummer: VR\u00a0380164<br>Amtsgericht Stuttgart<br><br>Vorstand: 1. Pirmin Schneider   2. Gabor Conrad<br>Kassier: Gregor Nenning<\/p>\n\n\n\n<p><\/p>\n\n\n\n<p class=\"has-medium-font-size\">Bankverbindung:<\/p>\n\n\n\n<p class=\"has-medium-font-size\">Kreissparkasse T\u00fcbingen<br>IBAN: DE63 6415 0020 0000 0639 99<br><\/p>\n\n\n\n<div class=\"is-layout-flex wp-block-buttons\">\n<div class=\"wp-block-button\"><a class=\"wp-block-button__link\" href=\"mailto:vorstand@akaflieg-tuebingen.de\">Email<\/a><\/div>\n\n\n\n<div class=\"wp-block-button\"><a class=\"wp-block-button__link\" href=\"http:\/\/instagram.com\/akafliegtuebingen?igshid=YmMyMTA2M2Y=\">Instagram<\/a><\/div>\n<\/div>\n<\/div>\n\n\n\n<div class=\"is-layout-flow wp-block-column\">\n<iframe src=\"https:\/\/www.google.com\/maps\/embed?pb=!1m18!1m12!1m3!1d2423.3073167655666!2d9.028132826344404!3d48.52156384511178!2m3!1f0!2f0!3f0!3m2!1i1024!2i768!4f13.1!3m3!1m2!1s0x4799fb3475e0d9e1%3A0xf3c66fc9f4f55f7b!2sAkaflieg%20T%C3%BCbingen!5e0!3m2!1sde!2sde!4v1663187984154!5m2!1sde!2sde\" width=\"800\" height=\"600\" style=\"border:0;\" allowfullscreen=\"\" loading=\"lazy\" referrerpolicy=\"no-referrer-when-downgrade\"><\/iframe>\n<\/div>\n<\/div>\n","protected":false},"excerpt":{"rendered":"<p>Akademische Fliegergruppe an der Universit\u00e4t T\u00fcbingen e.V.Am Weilersbach, 72070 T\u00fcbingen Vereinsregisternummer: VR\u00a0380164Amtsgericht Stuttgart Vorstand: 1. Pirmin Schneider 2. Gabor ConradKassier: Gregor Nenning Bankverbindung: Kreissparkasse T\u00fcbingenIBAN: DE63 6415 0020 0000 0639 99<\/p>\n","protected":false},"author":5,"featured_media":0,"parent":0,"menu_order":0,"comment_status":"closed","ping_status":"closed","template":"","meta":[],"acf":[],"_links":{"self":[{"href":"https:\/\/akaflieg-tuebingen.de\/index.php\/wp-json\/wp\/v2\/pages\/353"}],"collection":[{"href":"https:\/\/akaflieg-tuebingen.de\/index.php\/wp-json\/wp\/v2\/pages"}],"about":[{"href":"https:\/\/akaflieg-tuebingen.de\/index.php\/wp-json\/wp\/v2\/types\/page"}],"author":[{"embeddable":true,"href":"https:\/\/akaflieg-tuebingen.de\/index.php\/wp-json\/wp\/v2\/users\/5"}],"replies":[{"embeddable":true,"href":"https:\/\/akaflieg-tuebingen.de\/index.php\/wp-json\/wp\/v2\/comments?post=353"}],"version-history":[{"count":10,"href":"https:\/\/akaflieg-tuebingen.de\/index.php\/wp-json\/wp\/v2\/pages\/353\/revisions"}],"predecessor-version":[{"id":447,"href":"https:\/\/akaflieg-tuebingen.de\/index.php\/wp-json\/wp\/v2\/pages\/353\/revisions\/447"}],"wp:attachment":[{"href":"https:\/\/akaflieg-tuebingen.de\/index.php\/wp-json\/wp\/v2\/media?parent=353"}],"curies":[{"name":"wp","href":"https:\/\/api.w.org\/{rel}","templated":true}]}}