{"id":296,"date":"2022-09-14T12:13:29","date_gmt":"2022-09-14T12:13:29","guid":{"rendered":"https:\/\/campus-tuebingen.de\/?page_id=296"},"modified":"2022-10-21T17:00:30","modified_gmt":"2022-10-21T17:00:30","slug":"faq","status":"publish","type":"page","link":"https:\/\/akaflieg-tuebingen.de\/index.php\/faq\/","title":{"rendered":"FAQ"},"content":{"rendered":"\n<div class=\"is-layout-flex wp-container-3 wp-block-columns\">\n<div class=\"is-layout-flow wp-block-column\">\n<h3>Was kostet das Segelfliegen?<\/h3>\n\n\n\n<p>Als g\u00fcnstigste Art zu fliegen, ist Segelfliegen auch f\u00fcr Studierende und Azubis gut bezahlbar. Im ersten Jahr zahlst Du bei uns nur pauschal 350\u20ac (Studi) \/ 450\u20ac (Berufst\u00e4tig). Danach belaufen sich die Kosten auf 400\u20ac-1000\u20ac im Jahr, je nachdem wie viel Du fliegst. F\u00fcr die gesamte Segelflugausbildung (ca. 2-3 Jahre), inklusive Lehrmaterial, Pr\u00fcfungskosten usw. sollte man mit rund 2000\u20ac rechnen.<\/p>\n\n\n\n<h3>Wie startet ein Segelflugzeug?<\/h3>\n\n\n\n<p>Es gibt einige Wege, ein Segelflugzeug in die Luft zu bringen. Am weitesten verbreitet sind der Windenstart und der Flugzeugschlepp. Wir praktizieren haupts\u00e4chlich Windenstarts, da sie schnell und preisg\u00fcnstig sind. Eine Schleppwinde zieht dabei ein ca. 1000m langes Seil, an dem das Flugzeug eingeklinkt ist. Innerhalb von 2-3 Sekunden beschleunigt man von 0 auf 100 km\/h und steigt dann mit einem Winkel von bis zu 45\u00b0 auf 350-450m.<\/p>\n\n\n\n<h3>Muss ich Physiker, Athlet und Ingenieur sein, um fliegen zu k\u00f6nnen?<\/h3>\n\n\n\n<p>Ganz im Gegenteil. Fliegen kann (fast) jeder, der selbst\u00e4ndig ins Flugzeug einsteigen kann. Begeisterung f\u00fcr Technik und Physik ist oft hilfreich, aber absolut keine Voraussetzung. Die einzigen formellen Anspr\u00fcche sind ein Mindestalter von 14 Jahren, ein F\u00fchrungszeugnis und ein medizinisches Tauglichkeitszeugnis (Medical), dieses besteht man bei normalem Gesundheitszustand problemlos.<\/p>\n\n\n\n<div style=\"height:100px\" aria-hidden=\"true\" class=\"wp-block-spacer\"><\/div>\n\n\n\n<p>Weitere allgemeine Informationen zu Theorie, Ausbildung und Abl\u00e4ufen findest Du <a href=\"https:\/\/www.segelfliegengrundausbildung.de\/index.php\">hier<\/a>.<\/p>\n<\/div>\n\n\n\n<div class=\"is-layout-flow wp-block-column\">\n<h3>Wie lange dauert die Ausbildung?<\/h3>\n\n\n\n<p>Im Verein dauert die Ausbildung vom Fu\u00dfg\u00e4nger bis zur Lizenz (SPL) 2-3 Jahre, je nach Engagement und Wetter. Bis zum ersten Alleinflug dauert es meistens 40-80 Starts, ungef\u00e4hr eine Saison. Mehr Details zur Ausbildung findest Du <a href=\"https:\/\/campus-tuebingen.de\/index.php\/pilot-werden\/\" data-type=\"page\" data-id=\"156\">hier<\/a>.<\/p>\n\n\n\n<h3>Kann man das ganze Jahr fliegen?<\/h3>\n\n\n\n<p>Leider nicht, im Winter ist unser Flugplatz im Schnee begraben. Die Flugsaison geht meistens von Ende M\u00e4rz bis Ende Oktober, je nach Wetter variabel. Im Winter werden unsere Flugzeuge zur Wartung und Pflege in die Werkstatt nach T\u00fcbingen gebracht.<\/p>\n\n\n\n<h3>Wie lange kann man fliegen?<\/h3>\n\n\n\n<p>Segelflieger sind stark vom Wetter abh\u00e4ngig. Bei guter Thermik kann man quasi den ganzen Tag in der Luft bleiben und Strecken bis \u00fcber 1000km fliegen. Bei schlechtem Flugwetter fliegt man oft nur 10-20 Minuten, auf der Alb ist sind die thermischen Bedingungen allerdings meistens sehr gut.<\/p>\n\n\n\n<h3>Wann kann ich anfangen?<\/h3>\n\n\n\n<p>Jederzeit! Es gibt keine festen Kurszeiten oder \u00e4hnliches, schreib uns einfach an und komm vorbei. Da in den Wintermonaten nicht geflogen werden kann, ist es sinnvoll im Fr\u00fchjahr anzufangen. Du kannst jedoch auch schon im Winter dazukommen und in der Werkstatt bei Wartung und Reparatur helfen und dabei die anderen Mitglieder kennenlernen.<\/p>\n<\/div>\n<\/div>\n","protected":false},"excerpt":{"rendered":"<p>Was kostet das Segelfliegen? Als g\u00fcnstigste Art zu fliegen, ist Segelfliegen auch f\u00fcr Studierende und Azubis gut bezahlbar. Im ersten Jahr zahlst Du bei uns nur pauschal 350\u20ac (Studi) \/ 450\u20ac (Berufst\u00e4tig). Danach belaufen sich die Kosten auf 400\u20ac-1000\u20ac im Jahr, je nachdem wie viel Du fliegst. F\u00fcr die gesamte Segelflugausbildung (ca. 2-3 Jahre), inklusive Lehrmaterial, Pr\u00fcfungskosten usw. sollte man mit rund 2000\u20ac rechnen. Wie startet ein Segelflugzeug? Es gibt einige Wege, ein Segelflugzeug in die Luft zu bringen. Am weitesten verbreitet sind der Windenstart und der Flugzeugschlepp. Wir praktizieren haupts\u00e4chlich Windenstarts, da sie schnell und preisg\u00fcnstig sind. Eine Schleppwinde zieht dabei ein ca. 1000m langes Seil, an dem das Flugzeug eingeklinkt ist. Innerhalb von 2-3 Sekunden beschleunigt man von 0 auf 100 km\/h und steigt dann mit einem Winkel von bis zu 45\u00b0 auf 350-450m. Muss ich Physiker, Athlet und Ingenieur sein, um fliegen zu k\u00f6nnen? Ganz im Gegenteil. Fliegen kann (fast) jeder, der selbst\u00e4ndig ins Flugzeug einsteigen kann. Begeisterung f\u00fcr Technik und Physik ist oft hilfreich, aber absolut keine Voraussetzung. Die einzigen formellen Anspr\u00fcche sind ein Mindestalter von 14 Jahren, ein F\u00fchrungszeugnis und ein medizinisches Tauglichkeitszeugnis (Medical), dieses besteht man bei normalem Gesundheitszustand problemlos. Weitere allgemeine Informationen zu Theorie, Ausbildung und Abl\u00e4ufen findest Du hier. Wie lange dauert die Ausbildung? Im Verein dauert die Ausbildung vom Fu\u00dfg\u00e4nger bis zur Lizenz (SPL) 2-3 Jahre, je nach Engagement und Wetter. Bis zum ersten Alleinflug dauert es meistens 40-80 Starts, ungef\u00e4hr eine Saison. Mehr Details zur Ausbildung findest Du hier. Kann man das ganze Jahr fliegen? Leider nicht, im Winter ist unser Flugplatz im Schnee begraben. Die Flugsaison geht meistens von Ende M\u00e4rz bis Ende Oktober, je nach Wetter variabel. Im Winter werden unsere Flugzeuge zur Wartung und Pflege in die Werkstatt nach T\u00fcbingen gebracht. Wie lange kann man fliegen? Segelflieger sind stark vom Wetter abh\u00e4ngig. Bei guter Thermik kann man quasi den ganzen Tag in der Luft bleiben und Strecken bis \u00fcber 1000km fliegen. Bei schlechtem Flugwetter fliegt man oft nur 10-20 Minuten, auf der Alb ist sind die thermischen Bedingungen allerdings meistens sehr gut. Wann kann ich anfangen? Jederzeit! Es gibt keine festen Kurszeiten oder \u00e4hnliches, schreib uns einfach an und komm vorbei. Da in den Wintermonaten nicht geflogen werden kann, ist es sinnvoll im Fr\u00fchjahr anzufangen. Du kannst jedoch auch schon im Winter dazukommen und in der Werkstatt bei Wartung und Reparatur helfen und dabei die anderen Mitglieder kennenlernen.<\/p>\n","protected":false},"author":5,"featured_media":0,"parent":0,"menu_order":0,"comment_status":"closed","ping_status":"closed","template":"","meta":[],"acf":[],"_links":{"self":[{"href":"https:\/\/akaflieg-tuebingen.de\/index.php\/wp-json\/wp\/v2\/pages\/296"}],"collection":[{"href":"https:\/\/akaflieg-tuebingen.de\/index.php\/wp-json\/wp\/v2\/pages"}],"about":[{"href":"https:\/\/akaflieg-tuebingen.de\/index.php\/wp-json\/wp\/v2\/types\/page"}],"author":[{"embeddable":true,"href":"https:\/\/akaflieg-tuebingen.de\/index.php\/wp-json\/wp\/v2\/users\/5"}],"replies":[{"embeddable":true,"href":"https:\/\/akaflieg-tuebingen.de\/index.php\/wp-json\/wp\/v2\/comments?post=296"}],"version-history":[{"count":18,"href":"https:\/\/akaflieg-tuebingen.de\/index.php\/wp-json\/wp\/v2\/pages\/296\/revisions"}],"predecessor-version":[{"id":383,"href":"https:\/\/akaflieg-tuebingen.de\/index.php\/wp-json\/wp\/v2\/pages\/296\/revisions\/383"}],"wp:attachment":[{"href":"https:\/\/akaflieg-tuebingen.de\/index.php\/wp-json\/wp\/v2\/media?parent=296"}],"curies":[{"name":"wp","href":"https:\/\/api.w.org\/{rel}","templated":true}]}}