{"id":213,"date":"2022-09-13T21:30:52","date_gmt":"2022-09-13T21:30:52","guid":{"rendered":"https:\/\/campus-tuebingen.de\/?page_id=213"},"modified":"2026-03-25T13:41:06","modified_gmt":"2026-03-25T13:41:06","slug":"schnupperfliegen","status":"publish","type":"page","link":"https:\/\/akaflieg-tuebingen.de\/index.php\/schnupperfliegen\/","title":{"rendered":"Schnupperfliegen 2026"},"content":{"rendered":"\n<div class=\"wp-block-cover aligncenter is-light has-parallax\" style=\"min-height:871px\"><span aria-hidden=\"true\" class=\"wp-block-cover__background has-background-dim-10 has-background-dim\"><\/span><div role=\"img\" class=\"wp-block-cover__image-background wp-image-462 has-parallax\" style=\"background-position:50% 50%;background-image:url(https:\/\/akaflieg-tuebingen.de\/wp-content\/uploads\/2024\/04\/DSCF4709.jpeg)\"><\/div><div class=\"wp-block-cover__inner-container\">\n<p class=\"has-text-align-center has-white-color has-text-color\" style=\"font-size:52px\"><strong>Dein Weg<\/strong> <strong>ins Cockpit!<\/strong><\/p>\n\n\n\n<div style=\"height:105px\" aria-hidden=\"true\" class=\"wp-block-spacer\"><\/div>\n\n\n\n<div class=\"is-layout-flex wp-container-4 wp-block-columns alignwide\">\n<div class=\"is-layout-flow wp-block-column\" style=\"flex-basis:55%\">\n<p class=\"has-text-align-left has-medium-font-size\">Du willst abheben und die Faszination des Segelfliegens selbst erleben? Hier lernst Du die Grundlagen der Fliegerei hautnah kennen und darfst selbst als Pilot\/in ein Flugzeug steuern. Ein erfahrener Fluglehrer wird dabei mit Dir im Doppelsitzer sein und Dir das motorlose Fliegen beibringen.<\/p>\n<\/div>\n\n\n\n<div class=\"is-layout-flow wp-block-column\">\n<p class=\"has-text-align-left has-medium-font-size\"><strong>Wann?<\/strong>            18.-19.04.2026<\/p>\n\n\n\n<p class=\"has-text-align-left has-medium-font-size\"><strong>Wo? <\/strong>               Segelfluggel\u00e4nde <a href=\"https:\/\/www.google.com\/maps\/place\/Segelfluggel%C3%A4nde+%C3%9Cbersberg\/@48.4577896,9.2856255,17z\/data=!3m1!4b1!4m5!3m4!1s0x47998cd3b0f63745:0xb018ddedf5cd2d45!8m2!3d48.4577896!4d9.2878142\">\u00dcbersberg<\/a><\/p>\n\n\n\n<p class=\"has-text-align-left has-medium-font-size\"><strong>Kosten <\/strong>           Studis\/Azubis 150\u20ac, Berufst\u00e4tige 250\u20ac<\/p>\n\n\n\n<p class=\"has-medium-font-size\">Verpflegung und Unterkunft inklusive.<\/p>\n\n\n\n<p class=\"has-medium-font-size\">Weitere Fragen und Anmeldung \u00fcber Instagram oder per Email. Teilnahmepl\u00e4tze sind auf 12 begrenzt.<br><\/p>\n\n\n\n<ul class=\"is-content-justification-center is-layout-flex wp-container-2 wp-block-social-links\"><li class=\"wp-social-link wp-social-link-instagram wp-block-social-link\"><a href=\"https:\/\/instagram.com\/akafliegtuebingen?igshid=YmMyMTA2M2Y=\"  class=\"wp-block-social-link-anchor\"><svg width=\"24\" height=\"24\" viewBox=\"0 0 24 24\" version=\"1.1\" xmlns=\"http:\/\/www.w3.org\/2000\/svg\" aria-hidden=\"true\" focusable=\"false\"><path d=\"M12,4.622c2.403,0,2.688,0.009,3.637,0.052c0.877,0.04,1.354,0.187,1.671,0.31c0.42,0.163,0.72,0.358,1.035,0.673 c0.315,0.315,0.51,0.615,0.673,1.035c0.123,0.317,0.27,0.794,0.31,1.671c0.043,0.949,0.052,1.234,0.052,3.637 s-0.009,2.688-0.052,3.637c-0.04,0.877-0.187,1.354-0.31,1.671c-0.163,0.42-0.358,0.72-0.673,1.035 c-0.315,0.315-0.615,0.51-1.035,0.673c-0.317,0.123-0.794,0.27-1.671,0.31c-0.949,0.043-1.233,0.052-3.637,0.052 s-2.688-0.009-3.637-0.052c-0.877-0.04-1.354-0.187-1.671-0.31c-0.42-0.163-0.72-0.358-1.035-0.673 c-0.315-0.315-0.51-0.615-0.673-1.035c-0.123-0.317-0.27-0.794-0.31-1.671C4.631,14.688,4.622,14.403,4.622,12 s0.009-2.688,0.052-3.637c0.04-0.877,0.187-1.354,0.31-1.671c0.163-0.42,0.358-0.72,0.673-1.035 c0.315-0.315,0.615-0.51,1.035-0.673c0.317-0.123,0.794-0.27,1.671-0.31C9.312,4.631,9.597,4.622,12,4.622 M12,3 C9.556,3,9.249,3.01,8.289,3.054C7.331,3.098,6.677,3.25,6.105,3.472C5.513,3.702,5.011,4.01,4.511,4.511 c-0.5,0.5-0.808,1.002-1.038,1.594C3.25,6.677,3.098,7.331,3.054,8.289C3.01,9.249,3,9.556,3,12c0,2.444,0.01,2.751,0.054,3.711 c0.044,0.958,0.196,1.612,0.418,2.185c0.23,0.592,0.538,1.094,1.038,1.594c0.5,0.5,1.002,0.808,1.594,1.038 c0.572,0.222,1.227,0.375,2.185,0.418C9.249,20.99,9.556,21,12,21s2.751-0.01,3.711-0.054c0.958-0.044,1.612-0.196,2.185-0.418 c0.592-0.23,1.094-0.538,1.594-1.038c0.5-0.5,0.808-1.002,1.038-1.594c0.222-0.572,0.375-1.227,0.418-2.185 C20.99,14.751,21,14.444,21,12s-0.01-2.751-0.054-3.711c-0.044-0.958-0.196-1.612-0.418-2.185c-0.23-0.592-0.538-1.094-1.038-1.594 c-0.5-0.5-1.002-0.808-1.594-1.038c-0.572-0.222-1.227-0.375-2.185-0.418C14.751,3.01,14.444,3,12,3L12,3z M12,7.378 c-2.552,0-4.622,2.069-4.622,4.622S9.448,16.622,12,16.622s4.622-2.069,4.622-4.622S14.552,7.378,12,7.378z M12,15 c-1.657,0-3-1.343-3-3s1.343-3,3-3s3,1.343,3,3S13.657,15,12,15z M16.804,6.116c-0.596,0-1.08,0.484-1.08,1.08 s0.484,1.08,1.08,1.08c0.596,0,1.08-0.484,1.08-1.08S17.401,6.116,16.804,6.116z\"><\/path><\/svg><span class=\"wp-block-social-link-label screen-reader-text\">Instagram<\/span><\/a><\/li>\n\n<li class=\"wp-social-link wp-social-link-mail wp-block-social-link\"><a href=\"mailto:schnupperfliegen@akaflieg-tuebingen.de\"  class=\"wp-block-social-link-anchor\"><svg width=\"24\" height=\"24\" viewBox=\"0 0 24 24\" version=\"1.1\" xmlns=\"http:\/\/www.w3.org\/2000\/svg\" aria-hidden=\"true\" focusable=\"false\"><path d=\"M20,4H4C2.895,4,2,4.895,2,6v12c0,1.105,0.895,2,2,2h16c1.105,0,2-0.895,2-2V6C22,4.895,21.105,4,20,4z M20,8.236l-8,4.882 L4,8.236V6h16V8.236z\"><\/path><\/svg><span class=\"wp-block-social-link-label screen-reader-text\">Mail<\/span><\/a><\/li><\/ul>\n\n\n\n<p>    <\/p>\n<\/div>\n<\/div>\n<\/div><\/div>\n\n\n\n<div style=\"height:50px\" aria-hidden=\"true\" class=\"wp-block-spacer\"><\/div>\n\n\n\n<div class=\"is-layout-flex wp-container-8 wp-block-columns\">\n<div class=\"is-layout-flow wp-block-column\" style=\"flex-basis:66.66%\">\n<p>Erf\u00fclle Dir den Traum vom Fliegen und finde bei der Akaflieg T\u00fcbingen Dein neues Lieblingshobby. Bei unserem Schnupperfliegen kannst Du uns und den Flugsport kennenlernen. Wenn Du dann H\u00f6henluft geschnuppert hast und selbst anfangen willst, kannst Du bei uns <a href=\"http:\/\/pilot-werden\" data-type=\"URL\" data-id=\"pilot-werden\">Pilot werden<\/a>. Die Teilnahmegeb\u00fchr wird Dir dabei angerechnet.<\/p>\n\n\n\n<h3>Ablauf<\/h3>\n\n\n\n<p>Samstag fr\u00fch treffen wir uns auf dem <a href=\"https:\/\/campus-tuebingen.de\/index.php\/flugplatz\/\" data-type=\"page\" data-id=\"96\">\u00dcbersberg<\/a> (ca. 30 Minuten von T\u00fcbingen, Fahrgemeinschaften geplant). Dort beginnen wir mit einem Briefing und einer Platzeinweisung. Dann geht es auch schon los, wir holen gemeinsam die Flugzeuge aus der Halle und bauen Winde und Startwagen auf. Geflogen wird den ganzen Tag, je nach Wetter und Laune auch gerne bis in den Sonnenuntergang. Abends wird alles aufger\u00e4umt, um sich dem gem\u00fctlichen Teil widmen zu k\u00f6nnen. Bei Lagerfeuer und Kaltgetr\u00e4nken k\u00f6nnen die Erlebnisse des Tages verarbeitet werden und man kann sich kennenlernen.<br>Sonntag geht es gleich nach dem Fr\u00fchst\u00fcck los, damit Alle die M\u00f6glichkeit haben, mindestens 3 Fl\u00fcge auf dem Pilotensitz zu machen.<br>Sollte das Wetter durchgehend unfliegbar (Regen\/Nebel) sein, wird das Schnupperfliegen nach hinten verschoben.<\/p>\n\n\n\n<h3>Unterkunft und Verpflegung<\/h3>\n\n\n\n<p>Im Vereinsheim auf dem \u00dcbersberg stehen Betten, Sanit\u00e4ranlagen und eine K\u00fcche zur Verf\u00fcgung. Wer will, kann selbstverst\u00e4ndlich auch Zelten, im eigenen Auto\/Camper \u00fcbernachten oder abends nach Hause fahren. Es wird gemeinsam gekocht oder gegrillt. Bei der Anmeldung bitte angeben, ob Du dich vegan\/vegetarisch ern\u00e4hrst, oder Unvertr\u00e4glichkeiten hast. Verpflegung und Unterkunft sind inklusive, Getr\u00e4nke k\u00f6nnen erworben werden.<\/p>\n\n\n\n<h3>Wie kann ich mitmachen?<\/h3>\n\n\n\n<p>Schreibe uns einfach eine Email oder eine Direktnachricht auf Instagram. Du hast Interesse, aber an dem Termin keine Zeit? Kein Problem! Wir fliegen fast jedes Wochenende, schreib uns einfach eine Nachricht und komm vorbei.<br><br>Die Anmeldung ist erst mit eingeganger Zahlung g\u00fcltig! Bitte \u00fcberweise die Teilnahmegeb\u00fchr sp\u00e4testens 3 Tage vor dem Schnupperfliegen auf unser Konto:<\/p>\n\n\n\n<p>Akademische Fliegergruppe an der Universit\u00e4t T\u00fcbingen e.V.<br>DE63 6415 0020 0000 0639 99<br>Verwendungszweck: Name + Schnupperfliegen<\/p>\n\n\n\n<p>Wir freuen uns auf Dich!<\/p>\n\n\n\n<div class=\"is-layout-flex wp-block-buttons\">\n<div class=\"wp-block-button\"><a class=\"wp-block-button__link wp-element-button\" href=\"mailto:schnupperfliegen@akaflieg-tuebingen.de\">Schreib uns eine Email<\/a><\/div>\n\n\n\n<div class=\"wp-block-button\"><a class=\"wp-block-button__link wp-element-button\" href=\"https:\/\/instagram.com\/akafliegtuebingen?igshid=YmMyMTA2M2Y=\">Oder eine DM<\/a><\/div>\n<\/div>\n<\/div>\n\n\n\n<div class=\"is-layout-flow wp-block-column\" style=\"flex-basis:33.33%\">\n<figure class=\"wp-block-image size-large\"><img decoding=\"async\" loading=\"lazy\" width=\"683\" height=\"1024\" src=\"https:\/\/akaflieg-tuebingen.de\/wp-content\/uploads\/2023\/05\/20230430123248_IMG_0849-683x1024.jpg\" alt=\"\" class=\"wp-image-391\" srcset=\"https:\/\/akaflieg-tuebingen.de\/wp-content\/uploads\/2023\/05\/20230430123248_IMG_0849-683x1024.jpg 683w, https:\/\/akaflieg-tuebingen.de\/wp-content\/uploads\/2023\/05\/20230430123248_IMG_0849-200x300.jpg 200w, https:\/\/akaflieg-tuebingen.de\/wp-content\/uploads\/2023\/05\/20230430123248_IMG_0849-768x1152.jpg 768w, https:\/\/akaflieg-tuebingen.de\/wp-content\/uploads\/2023\/05\/20230430123248_IMG_0849-1024x1536.jpg 1024w, https:\/\/akaflieg-tuebingen.de\/wp-content\/uploads\/2023\/05\/20230430123248_IMG_0849-1365x2048.jpg 1365w, https:\/\/akaflieg-tuebingen.de\/wp-content\/uploads\/2023\/05\/20230430123248_IMG_0849-1140x1710.jpg 1140w, https:\/\/akaflieg-tuebingen.de\/wp-content\/uploads\/2023\/05\/20230430123248_IMG_0849-scaled.jpg 1707w\" sizes=\"(max-width: 683px) 100vw, 683px\" \/><\/figure>\n\n\n\n<div style=\"height:50px\" aria-hidden=\"true\" class=\"wp-block-spacer\"><\/div>\n\n\n\n<figure class=\"wp-block-image size-large\"><img decoding=\"async\" loading=\"lazy\" width=\"766\" height=\"1024\" src=\"https:\/\/akaflieg-tuebingen.de\/wp-content\/uploads\/2022\/09\/IMG_20220723_205636-766x1024.jpg\" alt=\"\" class=\"wp-image-257\" srcset=\"https:\/\/akaflieg-tuebingen.de\/wp-content\/uploads\/2022\/09\/IMG_20220723_205636-766x1024.jpg 766w, https:\/\/akaflieg-tuebingen.de\/wp-content\/uploads\/2022\/09\/IMG_20220723_205636-225x300.jpg 225w, https:\/\/akaflieg-tuebingen.de\/wp-content\/uploads\/2022\/09\/IMG_20220723_205636-768x1026.jpg 768w, https:\/\/akaflieg-tuebingen.de\/wp-content\/uploads\/2022\/09\/IMG_20220723_205636-1150x1536.jpg 1150w, https:\/\/akaflieg-tuebingen.de\/wp-content\/uploads\/2022\/09\/IMG_20220723_205636-1533x2048.jpg 1533w, https:\/\/akaflieg-tuebingen.de\/wp-content\/uploads\/2022\/09\/IMG_20220723_205636-1140x1523.jpg 1140w, https:\/\/akaflieg-tuebingen.de\/wp-content\/uploads\/2022\/09\/IMG_20220723_205636-scaled.jpg 1916w\" sizes=\"(max-width: 766px) 100vw, 766px\" \/><\/figure>\n<\/div>\n<\/div>\n","protected":false},"excerpt":{"rendered":"<p>Erf\u00fclle Dir den Traum vom Fliegen und finde bei der Akaflieg T\u00fcbingen Dein neues Lieblingshobby. Bei unserem Schnupperfliegen kannst Du uns und den Flugsport kennenlernen. Wenn Du dann H\u00f6henluft geschnuppert hast und selbst anfangen willst, kannst Du bei uns Pilot werden. Die Teilnahmegeb\u00fchr wird Dir dabei angerechnet. Ablauf Samstag fr\u00fch treffen wir uns auf dem \u00dcbersberg (ca. 30 Minuten von T\u00fcbingen, Fahrgemeinschaften geplant). Dort beginnen wir mit einem Briefing und einer Platzeinweisung. Dann geht es auch schon los, wir holen gemeinsam die Flugzeuge aus der Halle und bauen Winde und Startwagen auf. Geflogen wird den ganzen Tag, je nach Wetter und Laune auch gerne bis in den Sonnenuntergang. Abends wird alles aufger\u00e4umt, um sich dem gem\u00fctlichen Teil widmen zu k\u00f6nnen. Bei Lagerfeuer und Kaltgetr\u00e4nken k\u00f6nnen die Erlebnisse des Tages verarbeitet werden und man kann sich kennenlernen.Sonntag geht es gleich nach dem Fr\u00fchst\u00fcck los, damit Alle die M\u00f6glichkeit haben, mindestens 3 Fl\u00fcge auf dem Pilotensitz zu machen.Sollte das Wetter durchgehend unfliegbar (Regen\/Nebel) sein, wird das Schnupperfliegen nach hinten verschoben. Unterkunft und Verpflegung Im Vereinsheim auf dem \u00dcbersberg stehen Betten, Sanit\u00e4ranlagen und eine K\u00fcche zur Verf\u00fcgung. Wer will, kann selbstverst\u00e4ndlich auch Zelten, im eigenen Auto\/Camper \u00fcbernachten oder abends nach Hause fahren. Es wird gemeinsam gekocht oder gegrillt. Bei der Anmeldung bitte angeben, ob Du dich vegan\/vegetarisch ern\u00e4hrst, oder Unvertr\u00e4glichkeiten hast. Verpflegung und Unterkunft sind inklusive, Getr\u00e4nke k\u00f6nnen erworben werden. Wie kann ich mitmachen? Schreibe uns einfach eine Email oder eine Direktnachricht auf Instagram. Du hast Interesse, aber an dem Termin keine Zeit? Kein Problem! Wir fliegen fast jedes Wochenende, schreib uns einfach eine Nachricht und komm vorbei. Die Anmeldung ist erst mit eingeganger Zahlung g\u00fcltig! Bitte \u00fcberweise die Teilnahmegeb\u00fchr sp\u00e4testens 3 Tage vor dem Schnupperfliegen auf unser Konto: Akademische Fliegergruppe an der Universit\u00e4t T\u00fcbingen e.V.DE63 6415 0020 0000 0639 99Verwendungszweck: Name + Schnupperfliegen Wir freuen uns auf Dich!<\/p>\n","protected":false},"author":5,"featured_media":0,"parent":0,"menu_order":0,"comment_status":"closed","ping_status":"closed","template":"","meta":[],"acf":[],"_links":{"self":[{"href":"https:\/\/akaflieg-tuebingen.de\/index.php\/wp-json\/wp\/v2\/pages\/213"}],"collection":[{"href":"https:\/\/akaflieg-tuebingen.de\/index.php\/wp-json\/wp\/v2\/pages"}],"about":[{"href":"https:\/\/akaflieg-tuebingen.de\/index.php\/wp-json\/wp\/v2\/types\/page"}],"author":[{"embeddable":true,"href":"https:\/\/akaflieg-tuebingen.de\/index.php\/wp-json\/wp\/v2\/users\/5"}],"replies":[{"embeddable":true,"href":"https:\/\/akaflieg-tuebingen.de\/index.php\/wp-json\/wp\/v2\/comments?post=213"}],"version-history":[{"count":69,"href":"https:\/\/akaflieg-tuebingen.de\/index.php\/wp-json\/wp\/v2\/pages\/213\/revisions"}],"predecessor-version":[{"id":552,"href":"https:\/\/akaflieg-tuebingen.de\/index.php\/wp-json\/wp\/v2\/pages\/213\/revisions\/552"}],"wp:attachment":[{"href":"https:\/\/akaflieg-tuebingen.de\/index.php\/wp-json\/wp\/v2\/media?parent=213"}],"curies":[{"name":"wp","href":"https:\/\/api.w.org\/{rel}","templated":true}]}}